+ 1a?
1dd
In base 2, what is 11 - 110001101111?
-110001101100
In base 10, what is -8 + 228?
220
In base 6, what is 23 - -3303?
3330
In base 3, what is -22 - -2121?
2022
In base 5, what is 13 - -11224?
11242
In base 4, what is 3122103 + 10?
3122113
In base 7, what is 0 + 16414?
16414
In base 9, what is 4 + -586?
-582
In base 9, what is -2 - -103?
101
In base 7, what is 21 + -12?
6
In base 16, what is -5 + b27?
b22
In base 12, what is -48b + -2?
-491
In base 15, what is -30c - 0?
-30c
In base 13, what is -4 + -2269?
-2270
In base 14, what is 1 - 433?
-432
In base 12, what is 13 - 2?
11
In base 3, what is -201 + 101?
-100
In base 7, what is -1206 - 3?
-1212
In base 5, what is -34424 - 10?
-34434
In base 16, what is ada + -a?
ad0
In base 15, what is 1 + -4a?
-49
In base 5, what is 0 - -1004?
1004
In base 12, what is -1 + -25?
-26
In base 15, what is 64e - 3?
64b
In base 10, what is -5 + -126?
-131
In base 10, what is 22 + 23?
45
In base 16, what is -5 - -a6?
a1
In base 6, what is -3 + 42?
35
In base 7, what is -23 + 12?
-11
In base 7, what is -5334 + 5?
-5326
In base 8, what is 2 - -601?
603
In base 9, what is 0 + 0?
0
In base 16, what is -7010 - -2?
-700e
In base 10, what is -11 - -20?
9
In base 9, what is -5 - -331?
325
In base 13, what is -3 + 137?
134
In base 6, what is -203 + -30?
-233
In base 15, what is 61 - b7?
-56
In base 8, what is -11326 + -4?
-11332
In base 5, what is 30231 + -1?
30230
In base 2, what is -100 - 1110011?
-1110111
In base 9, what is 0 - -10021?
10021
In base 12, what is 12 + -a?
4
In base 8, what is -4 - 43?
-47
In base 6, what is -1204 - -3?
-1201
In base 2, what is -1001110100000 - -101?
-1001110011011
In base 7, what is -1 + -20?
-21
In base 8, what is 4 + 3050?
3054
In base 8, what is -12 - -236?
224
In base 15, what is 1e + 7?
26
In base 15, what is -4 - -8d?
89
In base 14, what is 40 + c?
4c
In base 5, what is 4 - 2240?
-2231
In base 14, what is -5c - -5?
-57
In base 3, what is 201120010 + -10?
201120000
In base 2, what is 11101001100 - 0?
11101001100
In base 3, what is 112 - 101?
11
In base 2, what is 0 - -1010111?
1010111
In base 2, what is -111101001 + 100010?
-111000111
In base 14, what is -3 - -b83?
b80
In base 16, what is -21 + -f1?
-112
In base 8, what is 254 + 2?
256
In base 11, what is 1216 - 4?
1212
In base 3, what is -220212 - -11?
-220201
In base 15, what is -9 + -77?
-81
In base 3, what is 121 - -102?
1000
In base 2, what is 10 - 11111?
-11101
In base 3, what is -20200 + -2?
-20202
In base 8, what is -1 + 1275?
1274
In base 16, what is -b2a - -4?
-b26
In base 15, what is -236 + 7?
-22e
In base 3, what is 20 - 2222?
-2202
In base 4, what is 11 + -30?
-13
In base 3, what is 11 - -2022001?
2022012
In base 7, what is 60 - 3?
54
In base 16, what is 19e0 - 1?
19df
In base 6, what is 51343 + -1?
51342
In base 12, what is 3 - 119?
-116
In base 9, what is -315 + -16?
-332
In base 16, what is -af - -4?
-ab
In base 15, what is 1 + 696?
697
In base 16, what is -32 + 1?
-31
In base 14, what is -d + -5?
-14
In base 4, what is -1001123 + 3?
-1001120
In base 15, what is -d56 - -1?
-d55
In base 6, what is -3032 + -4?
-3040
In base 4, what is -21021 + 10?
-21011
In base 3, what is -21001 - 1112?
-22120
In base 12, what is -3 - 87?
-8a
In base 4, what is -112 - 22?
-200
In base 16, what is -ba - -5?
-b5
In base 9, what is 12 + 13?
25
In base 7, what is 1200 + -6?
1161
In base 11, what is 1 - -141?
142
In base 11, what is 32 - -26?
58
In base 2, what is 101 - -10000111?
10001100
In base 4, what is -10 - 110?
-120
In base 13, what is 35 + -11b?
-b6
In base 9, what is 50 + 44?
104
In base 7, what is 26 - -556?
615
In base 3, what is -21121 + 1000?
-20121
In base 2, what is -1100000 + -100?
-1100100
In base 7, what is 1 + -60?
-56
In base 15, what is -5 - -8e?
89
In base 4, what is -2 + -2?
-10
In base 9, what is 67 - -15?
83
In base 5, what is 1110 - -1?
1111
In base 8, what is -4 + -611?
-615
In base 15, what is 4 - -1e8?
1ec
In base 10, what is 1 - 415?
-414
In base 12, what is 219 - 1?
218
In base 6, what is 112 - -121?
233
In base 2, what is -101101111 + 11?
-101101100
In base 2, what is -111010 + -101?
-111111
In base 13, what is 2 + -33?
-31
In base 6, what is 121 - -10?
131
In base 13, what is -c88 - -4?
-c84
In base 16, what is -5 - -21?
1c
In base 16, what is -5 - -5e0?
5db
In base 3, what is 2210 + -112?
2021
In base 16, what is -29 - f?
-38
In base 5, what is 2000 + 3?
2003
In base 8, what is -5 - -2742?
2735
In base 16, what is -3 - 57b?
-57e
In base 10, what is 55 + 64?
119
In base 8, what is 37 + 6?
45
In base 2, what is 110110100101011 + -10?
110110100101001
In base 8, what is -3 - -73?
70
In base 9, what is 36 + 3?
40
In base 9, what is 3 + 251?
254
In base 4, what is -1120 + 3?
-1111
In base 6, what is 4032 - -1?
4033
In base 7, what is -5355 - -4?
-5351
In base 8, what is -514 - 2?
-516
In base 13, what is 7 - 16?
-c
In base 12, what is -5 + 1b?
16
In base 3, what is -10 - -1211?
1201
In base 10, what is 31 - 486?
-455
In base 9, what is 1 - 228?
-227
In base 16, what is b4 - 15?
9f
In base 12, what is 47 + a?
55
In base 13, what is 88 - a?
7b
In base 7, what is -13 + -231?
-244
In base 8, what is -133 + -111?
-244
In base 16, what is 1 - 199?
-198
In base 2, what is 1 - -1011010?
1011011
In base 13, what is -2 - 754?
-756
In base 2, what is 1 - -1111111?
10000000
In base 5, what is 3 + 1030?
1033
In base 13, what is -1 + -5ca?
-5cb
In base 13, what is -1ac0 + 0?
-1ac0
In base 8, what is 10057 + 3?
10062
In base 9, what is -1 + 131?
130
In base 12, what is -3 - 5?
-8
In base 15, what is d3 - 68?
6a
In base 3, what is 220102 + 2?
220111
In base 12, what is 34 - 6?
2a
In base 16, what is 0 + -45?
-45
In base 14, what is -235 - -11?
-224
In base 11, what is 5 + 688?
692
In base 11, what is 307 - -4?
310
In base 11, what is 200 - -2?
202
In base 4, what is 0 + -31203?
-31203
In base 13, what is 0 + -c?
-c
In base 9, what is 7640 + 0?
7640
In base 6, what is 54312 - 2?
54310
In base 15, what is 15 + 0?
15
In base 3, what is -121101120 - -1?
-121101112
In base 2, what is -1011 + 10000?
101
In base 12, what is -42 - a0?
-122
In base 5, what is 321 + 3?
324
In base 11, what is 5 - 69?
-64
In base 5, what is -1 - 20210?
-20211
In base 8, what is 1 + -717?
-716
In base 4, what is -2002 - 10?
-2012
In base 11, what is -68 - 3?
-70
In base 2, what is 10000001000000 - -101?
10000001000101
In base 15, what is -34b + 0?
-34b
In base 5, what is -22313 + 11?
-22302
In base 6, what is 101203 + -3?
101200
In base 3, what is -110112 + -122?
-111011
In base 7, what is -3 - 203?
-206
In base 8, what is 23 - 0?
23
In base 2, what is -111110101100 - 1?
-111110101101
In base 16, what is -54 + 44?
-10
In base 11, what is -190 + -2?
-192
In base 2, what is -1000011 + -1111?
-1010010
In base 7, what is -1163 + -3?
-1166
In base 2, what is 101 - 101111?
-101010
In base 15, what is -a + -48?
-53
In base 4, what is 13 + -10203?
-10130
In base 11, what is 8737 - -4?
8740
In base 8, what is -13 - 4?
-17
In base 9, what is -341 - 0?
-341
In base 15, what is -8 - 7c?
-85
In base 9, what is -5 + -215?
-221
In base 12, what is 2 - -17?
19
In base 10, what is 1 + 123?
124
In base 12, what is 862 + 3?
865
In base 3, what is 10011 - -2011?
12022
In base 6, what is -1 - -2003?
2002
In base 15, what is -1 - -81?
80
In base 13, what is -4 - 116?
-11a
In base 10, what is 7 - 0?
7
In base 12, what is -6 - -5?
-1
In base 10, what is -45 + -12?
-57
In base 6, what is -2552 - -2?
-2550
In base 2, what is -10101 + 1010?
-1011
In base 16, what is -2b + 78?
4d
In base 8, what is 6 - -1453?
1461
In base 9, what is 3 + 33?
36
In base 16, what is -4 - -d?
9
In base 14, what is -1 - -20?
1d
In base 9, what is 133 - 3?
130
In base 3, what is 1001 - 12?
212
In base 4, what is -11 + -212313?
-212330
In base 12, what is 3 - b48?
-b45
In base 12, what is -1 - 24?
-25
In base 8, what is -22 + 1?
-21
In base 2, what is 100 - -11010?
11110
In base 13, what is -42 - -6?
-39
In base 4, what is 10 - -12230?
12300
In base 4, what is 233213 - -3?
233222
In base 13, what is -5 + 4c?
47
In base 14, what is -b0 + 5?
-a9
In base 16, what is 2 + -87?
-85
In base 3, what is 1210 + 1001?
2211
In base 3, what is 101 + -110?
-2
In base 4, what is 100310 - -2?
100312
In base 15